290*t**2 - 330*t + 40. Give s(1).
0
Let i(a) = -a**3 + 57*a**2 + 656*a - 18. Determine i(-10).
122
Let t(m) = m**3 - 42*m**2 + 160*m - 553. Calculate t(37).
-1478
Let k(i) = i**3 + 4*i**2 + 282*i + 4524. Calculate k(-12).
-12
Let c(x) = -14*x**2 + 1221*x - 4896. Determine c(83).
1
Let s(h) = 47*h - 4174. Determine s(68).
-978
Let o(t) = -9*t**2 + 449*t - 3339. Calculate o(50).
-3389
Let f(u) = 165*u**2 + 138579*u - 17670. Give f(-840).
-30
Let m(h) = -2264*h - 17397. Determine m(-7).
-1549
Let r(i) = -222*i - 10179. What is r(-40)?
-1299
Let x(c) = -2*c**3 + 639*c**2 + 8096*c + 67728. Give x(332).
0
Let l(c) = 18*c**2 + 15335*c + 30672. Determine l(-2).
74
Let a(g) = -2*g**2 + 3200*g + 870739. What is a(-237)?
1
Let z(x) = -9258*x + 56892. Determine z(6).
1344
Let q(h) = 3*h**3 + 43*h**2 + 6*h - 358. Give q(-18).
-4030
Let k(o) = o**2 + 2511*o - 40438. Give k(16).
-6
Let h(q) = 6*q**2 - 225*q - 987. Calculate h(-4).
9
Let v(x) = -7*x**3 - 74*x**2 + 326*x - 2065. Determine v(-15).
20
Let y(i) = -302*i**2 + 18*i - 28. Determine y(2).
-1200
Let q(r) = -r**3 + 7*r**2 - 163*r + 47. Determine q(0).
47
Let l(x) = 6*x**3 - 793*x**2 + 145*x - 1668. Determine l(132).
48
Let a(k) = -4*k**2 + 403*k - 178. Calculate a(99).
515
Let q(z) = -z**3 - 236*z**2 + 3241*z + 1026. What is q(-249)?
30
Let x(r) = 26*r**2 + 5167*r - 27905. Give x(-204).
43
Let h(f) = -677*f - 27072. Give h(-40).
8
Let g(q) = 1377*q**2 - 8262*q. Calculate g(6).
0
Let w(m) = 37*m**2 + 341*m - 1283. Give w(4).
673
Let b(v) = 1585*v - 9820. Determine b(6).
-310
Let z(r) = 2*r**3 + 22*r**2 + 71*r + 1824. Determine z(-14).
-346
Let x(s) = -s**3 + 81*s**2 + 160*s - 84. Calculate x(83).
-582
Let i(v) = -137*v - 7274. Determine i(-55).
261
Let b(y) = 4*y**2 - 884*y - 14155. Calculate b(236).
5
Let w(x) = -8*x**3 - 211*x**2 + 133*x + 78. What is w(1)?
-8
Let v(s) = s**3 + 246*s**2 + 5034*s + 1238367. Calculate v(-246).
3
Let c(s) = 972*s - 126334. Give c(130).
26
Let j(u) = u**2 - 189*u - 10112. Determine j(-43).
-136
Let s(z) = -3281*z + 8698. Calculate s(3).
-1145
Let a(c) = -4910*c**2 - 137480*c + 17. Calculate a(-28).
17
Let z(j) = -j**3 - 12*j**2 - 415*j - 11503. Determine z(-20).
-3
Let x(w) = -4615*w + 110747. Give x(24).
-13
Let i(o) = -32*o**3 - 578*o**2 + 17*o + 982. Calculate i(-18).
28
Let u(s) = -2*s**3 + 197*s**2 - 2895*s - 75. Calculate u(18).
-21
Let t(c) = 3*c**3 + 43*c**2 - 4196*c - 58947. What is t(-14)?
-7
Let b(o) = -20*o**2 - 1041*o - 3126. Determine b(-3).
-183
Let o(k) = 2*k**3 + 294*k**2 - 3144*k - 620. Calculate o(-157).
8
Let c(i) = -142*i**2 - 4054*i - 8105. Give c(-2).
-565
Let j(z) = -16*z**3 + 105*z**2 + 562*z - 61. Determine j(10).
59
Let g(j) = -5*j**2 - 1009. Determine g(-29).
-5214
Let r(n) = -172*n**2 + 9632*n + 138. Determine r(56).
138
Let k(b) = -b**2 - 4261*b + 167704. Give k(39).
4
Let a(g) = -g**3 + 92*g**2 + 102*g - 809. What is a(93)?
28
Let k(b) = -b**3 + 33*b**2 - 230*b + 13. Give k(23).
13
Let f(w) = w**3 - 170*w**2 + 6744*w - 323. Give f(107).
-2
Let h(x) = 9*x**2 + 1996*x + 7928. Give h(-4).
88
Let y(w) = -5*w**3 - 98*w**2 - 24*w + 19. Calculate y(-19).
-608
Let x(l) = l**3 + 58*l**2 + 2101*l + 35309. What is x(-28)?
1
Let l(j) = 6*j**3 + 115*j**2 - 225*j - 99. Calculate l(-21).
-225
Let j(v) = 35*v**2 - 1247*v - 3148. What is j(38)?
6
Let j(s) = -1825*s + 524. Calculate j(1).
-1301
Let m(b) = 271645*b - 4617971. What is m(17)?
-6
Let b(w) = -162*w**2 + 982*w + 38. Give b(0).
38
Let u(p) = 228418*p - 4339975. Determine u(19).
-33
Let z(c) = -c**2 + 1036*c - 76555. Determine z(80).
-75
Let p(a) = 6*a**2 - 1388*a + 22559. Determine p(214).
303
Let b(s) = -442*s**2 + 3091*s + 131. Calculate b(7).
110
Let v(y) = -y**2 + 73*y + 4967. Give v(117).
-181
Let c(v) = v**2 - v - 10. What is c(-7)?
46
Let h(m) = -m**3 - 38*m**2 + 64*m + 962. What is h(-39)?
-13
Let m(w) = 5*w**2 + 1838*w + 1838. Calculate m(-1).
5
Let p(r) = -13*r**2 + 177624*r - 1420157. Calculate p(8).
3
Let w(a) = 1294*a**2 + 37524*a - 52. What is w(-29)?
6
Let w(d) = 6322*d - 2098902. Determine w(332).
2
Let y(m) = 75*m**3 - 745*m**2 + 494*m - 5437. What is y(10)?
3
Let s(l) = -333209*l - 2332488. What is s(-7)?
-25
Let p(r) = -56*r - 311. Determine p(-10).
249
Let r(s) = -11*s**3 + 1792*s**2 + 161*s + 294. What is r(163)?
-32
Let p(a) = -14*a**3 + 121*a**2 + 17*a - 127. What is p(9)?
-379
Let d(n) = -n**2 + 2978*n - 172252. What is d(59)?
-31
Let p(f) = 2*f**3 - 45*f**2 - 1031*f - 122. What is p(-14)?
4
Let d(u) = -u**3 - 729*u**2 + 1971*u + 372099. Give d(-731).
20
Let u(d) = -5*d**3 + 741*d**2 + 40*d - 27826. What is u(148)?
-2
Let i(v) = 51*v + 369. What is i(-9)?
-90
Let p(j) = 83*j**2 - 63*j + 187. Calculate p(6).
2797
Let f(i) = i**3 - 30*i**2 - 144*i + 84. What is f(34)?
-188
Let g(d) = -114*d**2 - 48*d + 136. Determine g(3).
-1034
Let x(u) = u**2 - 44*u + 14. Calculate x(22).
-470
Let a(j) = j**2 - 55*j - 1527. What is a(-20)?
-27
Let g(x) = 7*x**2 + 667*x + 15825. Determine g(-50).
-25
Let i(q) = 510*q + 127. Determine i(-1).
-383
Let t(b) = 2163*b - 8758. Give t(4).
-106
Let p(u) = 35*u**2 - 4128*u + 112. Calculate p(118).
348
Let y(q) = q**2 - 18*q. Determine y(16).
-32
Let l(k) = 275750*k - 6893699. Give l(25).
51
Let j(w) = 44*w**2 + 905*w - 7628. Determine j(-27).
13
Let k(i) = i**3 - 96*i**2 - 10238*i - 315. What is k(160)?
5
Let w(a) = 2*a**2 - 42*a - 80. What is w(31)?
540
Let y(l) = -219792*l - 2637527. Calculate y(-12).
-23
Let m(g) = -g**3 + 88*g**2 + 3409*g - 295473. Calculate m(89).
7
Let t(z) = -2*z**3 - 72*z**2 + 206*z - 1077. What is t(-39)?
15
Let h(k) = 22413*k + 268950. What is h(-12)?
-6
Let w(b) = 2*b**3 + 426*b**2 - 1352*b - 13018. Calculate w(-216).
-922
Let p(f) = 5*f**3 - 146*f**2 - 74*f + 2979. Give p(29).
-8
Let a(k) = 3*k**2 - 915*k + 65109. Calculate a(191).
-213
Let z(o) = -22*o**2 - 2811*o + 348. Calculate z(-128).
-292
Let d(o) = 2970*o - 3290765. Calculate d(1108).
-5
Let u(y) = -276*y**3 + 30*y**2 + 73*y + 14. Calculate u(-2).
2196
Let f(l) = l**2 - 18392*l + 660887. Determine f(36).
71
Let b(g) = 7636*g - 419975. Give b(55).
5
Let x(u) = 2*u**3 - 237*u**2 - 2048*u + 71. What is x(-9)?
-2152
Let z(q) = -5*q**2 + 486*q + 304196. Give z(300).
-4
Let t(c) = 613*c - 37360. Determine t(61).
33
Let n(o) = -120*o + 32279. Calculate n(269).
-1
Let x(b) = -2693*b - 1136439. What is x(-422)?
7
Let v(c) = -c**2 - 51*c + 3248. Calculate v(-90).
-262
Let i(q) = -3*q**2 - 89*q + 1512. Calculate i(-41).
118
Let f(y) = -4612*y - 105989. Calculate f(-23).
87
Let o(b) = -129*b - 23221. Calculate o(-182).
257
Let z(w) = -77*w**3 - 8*w**2 - 719*w - 2094. What is z(-3)?
2070
Let a(m) = 571*m - 38846. Calculate a(75).
3979
Let f(k) = 12*k**3 - 51*k**2 + 16*k - 38. What is f(7)?
1691
Let u(z) = 623*z**2 - 99679*z - 163. Determine u(160).
-3
Let c(u) = -4096*u + 53143. Calculate c(13).
-105
Let j(t) = -t**3 - 70*t**2 + 73*t + 6974. Determine j(-70).
1864
Let r(v) = 247*v + 710. Calculate r(-4).
-278
Let w(f) = -7*f**3 + 84*f**2 - 21*f + 58. What is w(12)?
-194
Let z(k) = -1988*k + 29977. Calculate z(15).
157
Let g(v) = 34*v**3 + 42*v**2 - 2*v - 284. Determine g(3).
1006
Let l(y) = 2*y**3 + 634*y**2 - 588*y + 15238. Determine l(-318).
-26
Let z(i) = -46278*i - 138828. Give z(-3).
6
Let x(j) = 29875*j - 29887. What is x(1)?
-12
Let r(l) = 1969*l**3 + 22*l**2 - 24*l + 3. Determine r(1).
1970
Let a(f) = -f**3 - 79*f**2 - 171*f - 1212. What is a(-77)?
97
Let d(l) = 156707*l + 7992054. Determine d(-51).
-3
Let g(p) = 2741*p + 87709. Calculate g(-32).
-3
Let g(m) = m**2 + 52373*m + 418926. What is g(-8)?
6
Let j(q) = 95*q**2 + 12738*q + 730. What is j(-134)?
-342
Let s(r) = -9011*r + 315394. Determine s(35).
9
Let f(c) = -6*c**2 + 6448*c - 51198. What is f(8)?
2
Let a(b) = 6*b**3 - 693*b**2 - 1771*b + 85. What is a(118)?
-33
Let s(f) = 7*f**3 + 6930*f**2 - 6938*f - 978. Determine s(-991).
13
Let m(s) = -627*s - 6937. Determine m(-12).
587
Let a(c) = -18*c**2 - 553*c + 145. Determine a(-31).
-10
Let f(w) = 15*w**3 - 183*w**2 + 173*w + 357. Determine f(11).
82
Let q(k) = -2796*k - 17356. What is q(-6)?
-580
Let s(u) = -95506*u + 382048. What is s(4)?
24
Let d(t) = 26487*t + 6356883. Determine d(-240).
3
Let l(k) = -33*k**2 + 1066*k + 627. Determine l(34).
-1277
Let p(i) = 